test common divisor of z and k?
7
Let m = 2776 - 2477. What is the highest common factor of 117 and m?
13
Suppose 3*r - 4*x = -2*r + 5, x = -3*r + 3. What is the highest common factor of r and 4?
1
Suppose 473*s - 469*s - 4 = 0. What is the highest common factor of s and 64?
1
Let c = -1025 - -1034. Let x(n) = -36*n - 1 + 12*n - 17*n. Let s be x(-2). What is the greatest common divisor of s and c?
9
Suppose -2*b + 4*v + 62 = 0, -3*b + 53 + 56 = 2*v. Calculate the highest common divisor of 55 and b.
5
Let f = -7 + 13. Let x = 5 + -17. Let u be x/30 - (-182)/5. Calculate the greatest common factor of u and f.
6
Let f = 2 - -1. Let h = -155 + 181. Suppose 0 = -f*x + h + 16. Calculate the greatest common factor of x and 21.
7
Let d be (-938)/(-5) + 34/85. Let h be d/8 + (-2)/(-4). Suppose -2*x = 2*y - 0*y - 4, -2*x = -2*y - h. What is the highest common divisor of x and 63?
7
Let h = 691 - 661. Calculate the highest common divisor of 690 and h.
30
Suppose -x - 23 = -2*x - 3*n, -x - 2*n = -23. Suppose -3*p + 19 = -x. Let a(z) = -36*z - 1. Let d be a(-1). Calculate the highest common factor of d and p.
7
Suppose 2*j = 4, 3*m - m - j = 6. Let g(a) = -a**3 - 6*a - 3 - 4 + 11*a**2 + m*a + 3. Let d be g(9). Calculate the highest common divisor of 14 and d.
14
Suppose -416 = -3*n - 10*n. Let r(p) = 80*p**2 + p + 1. Suppose 2*l + 2 = -0. Let w be r(l). What is the highest common factor of w and n?
16
Let m = -7 - -63. Calculate the greatest common divisor of 16 and m.
8
Suppose 9*h - 10*h = -70. Calculate the highest common factor of h and 20.
10
Suppose -1 = -j - 2. Let t(c) = -c**3 - c**2 - c. Let p be t(j). Let y be (-4*p)/((-4)/48). Calculate the highest common divisor of y and 12.
12
Let p(q) = 86*q + 99. Let l be p(5). What is the greatest common divisor of l and 69?
23
Suppose 810 = p + 5*n, 242*p + 1665 = 244*p - 5*n. Calculate the greatest common divisor of p and 375.
75
Let t = -8 - -11. Let b = t - 50. Let p = -22 - b. What is the greatest common factor of p and 25?
25
Let d(z) = -z**3 + 4*z**2 + 2*z + 25. Let r be d(5). Calculate the greatest common factor of 45 and r.
5
Suppose 28*x + 398 - 1630 = 0. What is the highest common divisor of 176 and x?
44
Suppose 0*s - s = -51. Let o(k) = -5*k**2 + 4*k**2 + 2*k + 6*k + 5. Let v be o(6). Calculate the greatest common factor of s and v.
17
Let z = 267 - 183. Calculate the highest common divisor of z and 96.
12
Let a be (-50)/135*3*(-18)/4. Calculate the highest common divisor of 245 and a.
5
Let j be (-304)/(-6) - ((-10)/(-6) - 1). Calculate the highest common divisor of 70 and j.
10
Let b(c) = c**2 - c + 3. Let h be b(4). Let r = -126 - -268. Let m = -82 + r. Calculate the highest common divisor of m and h.
15
Let o be 82 - -2 - (16/2 - 5). What is the highest common factor of o and 135?
27
Let b be (-4 - -6)*9/2. Suppose -44 = b*n - 11*n. What is the highest common divisor of 33 and n?
11
Let i(y) = y**2. Let q(f) = -6*f**2 + f - 1. Let u(s) = -5*i(s) - q(s). Let c be u(5). Let p = 63 - c. What is the greatest common factor of 105 and p?
21
Let l be 245/14*(-60)/(-35). Calculate the greatest common divisor of l and 30.
30
Let g be 3*(-1)/(-3)*2. Suppose 2*d = -4*f - 2*d + 920, g*f = 5*d + 425. Let h = 87 + -62. Calculate the highest common divisor of h and f.
25
Let d = 79 + -7. Let i be 17*(-3 - 16/(-2))*1. Let r = 94 - i. Calculate the greatest common divisor of r and d.
9
Let y = 21 - 11. Suppose 6*c - y*c + 104 = 0. What is the greatest common factor of 65 and c?
13
Suppose -4*t + 564 = 3*q, q - 187 = -3*t + 241. Calculate the highest common divisor of 16 and t.
16
Let b(c) = c**2 + 5*c + 4. Let w be b(-3). Let o be w/5 + 0 - 126/(-15). Calculate the greatest common divisor of 12 and o.
4
Let o(c) = -53*c + 213. Let s be o(-9). What is the highest common divisor of 30 and s?
30
Let l be 0 - (-27)/6*2/3. Calculate the greatest common divisor of 5 and l.
1
Let j = -303 - -201. Let k = -70 - j. What is the greatest common divisor of 16 and k?
16
Let s = -6 + 9. Let i = s + 6. Suppose -i*t = -6*t - 30. Calculate the greatest common factor of 4 and t.
2
Let g be (12/8)/(9/(-408)). Let d = -36 - g. Let w be (3 + (-18 - 1))/(-1). What is the highest common factor of d and w?
16
Let l be 2*(-3 - (-36)/8). Suppose 0*x = -l*x + 36. What is the greatest common factor of x and 8?
4
Let f(u) = 19*u + 10. Let a be f(7). Let w be (3/12 + (-17)/(-12))*39. Let i = w - 52. What is the greatest common divisor of i and a?
13
Let g(n) = n**2 - 9*n - 13. Let f be g(11). Let q(w) = 5 + 4 + 13 - 10 - 10*w. Let b be q(-6). Calculate the greatest common divisor of f and b.
9
Let h be -11 + 9/1 + 23. Calculate the greatest common factor of 441 and h.
21
Let s(x) = -15*x - 129. Let q be s(-12). Calculate the highest common factor of 39 and q.
3
Suppose 12*y = 4017 + 2451. Suppose -y = 2*q - 9*q. Calculate the greatest common divisor of 7 and q.
7
Let x be 1/((4/14)/2). Let q be (1 - 46/(-14))/((-8)/(-56)). Suppose -4*a + 204 = 4*w, 5*a - q - 57 = -2*w. What is the highest common divisor of w and x?
7
Let z be (4 + 85/(-15))*294/(-70). Let s = -8 + 15. Calculate the greatest common divisor of s and z.
7
Let s(p) = -p**3 + 11*p**2 - 7*p - 8. Let t = -15 + -11. Let l be (-22)/(-3) + t/(-39). Let d be s(l). What is the greatest common divisor of 32 and d?
32
Let j be ((-3)/4)/((-8)/320). Let g be (-438)/(-15) + 24/j. Calculate the highest common factor of g and 15.
15
Suppose -5 = -3*j + 4. Suppose -u = 0, j*v - 45 + 0 = -4*u. What is the highest common divisor of v and 12?
3
Suppose -31 = -v + 13. Let j(h) = 12*h**2 - 1. Let s be j(-1). What is the greatest common divisor of s and v?
11
Let i(f) = -174 + 2*f + 86 + 92. Let d be 2/((2/(-4))/(-1)). Let y be i(d). What is the highest common divisor of 12 and y?
12
Let x = -9 - -15. Suppose x = 5*n - 2*n. Let a be (2 + (4 - -3))*n. What is the highest common divisor of 12 and a?
6
Let v(r) = 11*r - 77. Let x be v(10). Calculate the highest common factor of 275 and x.
11
Suppose -8*v - 632 = -0*v. Let z = v - -88. Calculate the highest common divisor of z and 99.
9
Let b = -346 + 243. Let d = b - -149. Let f be d - (-1 + -11)/3. What is the highest common divisor of f and 20?
10
Let v = 30 - 46. Suppose 3*u = 16 + 44. Let w = v + u. Calculate the highest common factor of w and 40.
4
Suppose -71 = -3*j + 4*b, -4*j = -j - 8*b - 55. Calculate the highest common divisor of j and 145.
29
Let b(l) = 2*l**2 + 11*l - 13. Let p be b(-7). Suppose 0 = w + w + 2*r - p, 5*w = r + 44. Calculate the greatest common divisor of 4 and w.
4
Let w be -6*(-1 + (-3)/(-9)). Suppose 4*y + w*g = 4, 5*y + g = -0 - 15. Let s be (19 + y)*2/3. Calculate the highest common factor of s and 20.
10
Suppose 4*q + 30 = -3*y + 116, -4*q = -20. Let c = 0 + 6. Let o be c*(3 + (-8)/3). What is the greatest common factor of o and y?
2
Suppose -3*k + 29 - 2 = 0. Suppose 0 = k*p - 38 - 907. Calculate the highest common divisor of p and 15.
15
Suppose -386 = -22*c + 450. What is the highest common factor of 209 and c?
19
Let i = -43 + 243. Suppose 0 = -3*s + i + 136. What is the greatest common divisor of 14 and s?
14
Suppose 2*q + 16 = -6*q. Let c = q + 9. What is the greatest common factor of c and 7?
7
Let k(b) = 71*b**2 - 3*b + 2. Let i be k(1). What is the greatest common divisor of i and 160?
10
Let a = -60 - -63. Let u be (a + 70/(-21))/(1/(-18)). Let b be (-27)/2*(-8)/2. Calculate the greatest common factor of u and b.
6
Suppose -5*x - c + 1643 = 0, 2*c - 248 = -4*x + 1064. What is the highest common factor of x and 7?
7
Suppose -4*i - 23392 = -36*i. Calculate the highest common factor of 17 and i.
17
Let z be 10*(-6)/18*-15. What is the greatest common factor of 110 and z?
10
Let n(i) = 8 + 12 - 2*i + 2 - 14*i - i**2. Let s be n(-14). Let z be ((-10)/(-4))/((-1)/(-4)). Calculate the highest common factor of s and z.
10
Let j be 9202/18 - (-80)/(-360). Calculate the highest common divisor of j and 146.
73
Let r = -732 + 924. What is the greatest common factor of r and 12?
12
Let l be 3/(-6)*-14 + 141. What is the highest common factor of l and 1554?
74
Suppose 33 = c + 9. Let p be (-2)/(2 - 1) - -4. Suppose -3*d + 4*d - 239 = -p*f, f - d - 121 = 0. What is the greatest common divisor of c and f?
24
Let u(k)